Determine o(22).
-158
Let a(x) = x**2 + 1074*x - 10859. Give a(10).
-19
Let m(y) = -y**3 + 6*y**2 + 252*y - 1716. Calculate m(7).
-1
Let j(y) = -2*y**3 - 61*y**2 + 41*y + 322. Determine j(-31).
12
Let w(u) = -214*u**2 + 448*u + 5. Give w(2).
45
Let l(m) = 2*m**3 + 6*m**2 - 16*m + 41. What is l(-7)?
-239
Let a(i) = -i**2 + 37*i + 111. Determine a(39).
33
Let z(t) = -t**3 - 30*t**2 - 37*t - 39. Determine z(-29).
193
Let c(s) = -2*s**3 + 14*s**2 - 3*s - 55. Determine c(6).
-1
Let n(h) = -h**3 + 12*h**2 - 19*h - 26. Determine n(11).
-114
Let g(m) = m**2 - 91*m + 1976. What is g(56)?
16
Let q(p) = 7*p**3 + 92*p**2 + 15*p + 28. Give q(-13).
2
Let g(i) = 164*i - 1507. Determine g(9).
-31
Let m(w) = w**2 - 92*w - 701. Give m(-7).
-8
Let i(t) = 302*t + 6024. Calculate i(-20).
-16
Let j(w) = -w**3 - 283*w**2 + 626*w + 15959. What is j(-285)?
-1
Let w(k) = 3*k**3 - 89*k**2 - 124*k - 39. Determine w(31).
-39
Let i(g) = g**2 + 33*g + 164. Determine i(-6).
2
Let z(a) = 19*a + 178. Determine z(-10).
-12
Let d(u) = -8*u**2 - 27*u + 27. Give d(1).
-8
Let d(t) = 5538*t + 33180. What is d(-6)?
-48
Let c(d) = -4*d**2 - 95*d - 111. Calculate c(-22).
43
Let j(i) = 38*i**2 + 136*i - 64. What is j(-4)?
0
Let s(i) = -154*i - 6600. Determine s(-43).
22
Let w(p) = p**3 + 7*p**2 + 143*p + 811. Determine w(-6).
-11
Let q(j) = 16*j - 89. What is q(0)?
-89
Let s(w) = -w**3 - 27*w + 27. Give s(-5).
287
Let b(j) = -j**3 - 2*j**2 + 57*j + 206. Calculate b(-4).
10
Let a(w) = 12*w**2 + 15*w + 49. Calculate a(-3).
112
Let z(r) = 7*r + 46. Give z(-17).
-73
Let c(x) = x**3 - 4*x**2 - 6*x - 6. Determine c(-4).
-110
Let h(z) = -38*z**3 - 3*z**2 + 2*z - 1. Give h(1).
-40
Let r(n) = -n**2 + 37*n - 339. Determine r(14).
-17
Let o(s) = -s**2 + 1360*s + 12317. Calculate o(-9).
-4
Let m(f) = -f**3 + 116*f**2 + 2411*f + 243. Calculate m(134).
109
Let m(v) = -119*v - 2015. Give m(-17).
8
Let k(t) = -2*t**2 - 15*t + 56. Determine k(-22).
-582
Let u(d) = -332*d + 930. Determine u(3).
-66
Let m(h) = h**2 - 7*h - 13. What is m(0)?
-13
Let y(k) = k**2 - 244*k + 4120. Calculate y(18).
52
Let x(j) = 125*j - 105. Calculate x(2).
145
Let a(s) = 43*s - 570. Give a(18).
204
Let r(a) = 3*a**2 - 10*a + 24. Determine r(3).
21
Let r(g) = 3*g**2 - 53*g - 280. Calculate r(22).
6
Let q(t) = t**2 + 56*t + 146. What is q(-3)?
-13
Let b(n) = n**2 + 16*n + 20. Determine b(-3).
-19
Let f(h) = -25*h**3 + 2100*h**2 - h + 18. Calculate f(84).
-66
Let v(q) = q**3 - 15*q**2 + 13*q - 33. Determine v(2).
-59
Let f(a) = 577*a + 1162. What is f(-2)?
8
Let a(v) = -299*v + 27213. Calculate a(91).
4
Let w(b) = 2*b**2 - 3*b - 34. Calculate w(5).
1
Let c(j) = -3*j**2 + 61*j - 125. Determine c(6).
133
Let i(r) = -r**2 - 129*r + 1341. Give i(10).
-49
Let m(f) = 50*f + 540. Determine m(-11).
-10
Let w(m) = 2*m**3 - 33*m**2 - 67*m - 534. What is w(19)?
-2
Let h(p) = 2*p**2 + 10*p - 56. Calculate h(-6).
-44
Let w(u) = -46*u + 123. Determine w(12).
-429
Let q(i) = -i**3 - 18*i**2 - 39*i - 199. What is q(-15)?
-289
Let r(l) = 4*l**3 + l**2 - 64*l - 13. Calculate r(4).
3
Let s(v) = 11*v - 334. Determine s(-27).
-631
Let r(u) = -20*u + 553. What is r(23)?
93
Let j(k) = 2848*k + 176569. Calculate j(-62).
-7
Let k(j) = 74*j**2 - 3. Give k(1).
71
Let r(o) = -6*o**2 + 129*o + 1382. What is r(-10)?
-508
Let n(o) = -340*o**2 - 78*o - 77. Give n(-1).
-339
Let l(k) = -2*k**2 - 95*k - 222. What is l(-39)?
441
Let k(l) = l**3 - 8*l**2 - l + 23. Give k(4).
-45
Let f(a) = -165*a - 360. Give f(-2).
-30
Let x(n) = -349*n + 1740. Give x(5).
-5
Let c(z) = -z**3 + 4*z**2 - 3*z + 90. Determine c(6).
0
Let d(u) = 2*u**3 + 8*u**2 + 12*u + 1. What is d(-2)?
-7
Let p(b) = -400*b**3 - 3*b**2 + 6*b - 2. Calculate p(1).
-399
Let f(m) = -643*m - 8996. What is f(-14)?
6
Let d(j) = 7*j**2 + 161*j + 270. Calculate d(-21).
-24
Let f(p) = 624*p**2 - 14355*p + 66. Determine f(23).
-3
Let s(i) = 8*i**2 - 31*i - 34. Give s(6).
68
Let m(s) = -s**3 - 25*s**2 - 4*s + 20. Calculate m(-25).
120
Let k(w) = w**3 + 27*w**2 + 50*w - 46. Determine k(-25).
-46
Let b(s) = 248*s + 2489. Give b(-10).
9
Let w(c) = -32*c - 1358. Calculate w(-39).
-110
Let r(o) = -o**2 - 48*o + 13837. Determine r(96).
13
Let m(t) = -18793*t + 93958. Give m(5).
-7
Let z(j) = j**3 + 9*j**2 - 9*j - 120. What is z(-9)?
-39
Let u(h) = h**3 - 15*h**2 + 29*h + 51. Determine u(9).
-174
Let d(u) = 3*u**3 + u**2 - 3*u + 6. Determine d(3).
87
Let k(i) = -i**3 - 95*i**2 - 8*i + 28. Give k(0).
28
Let n(y) = y**3 - 24*y**2 + 69*y - 99. Give n(21).
27
Let j(i) = -2*i**2 + 242*i + 10533. Determine j(-34).
-7
Let k(h) = h**3 - 63*h**2 + 188*h - 19. What is k(60)?
461
Let o(z) = -z**2 + 14*z + 2887. Determine o(-48).
-89
Let a(m) = -m**3 + 16*m**2 - 20*m + 18. Calculate a(15).
-57
Let q(m) = -3*m**3 - 7*m**2 + 14*m + 16. Calculate q(-5).
146
Let q(n) = -n**3 - 10*n**2 - 4*n - 11. Give q(-10).
29
Let l(p) = 26*p - 830. What is l(48)?
418
Let l(m) = 568*m + 7915. Give l(-14).
-37
Let o(b) = b**3 + 83*b**2 - 347*b + 54. What is o(-87)?
-33
Let i(x) = 4*x - 33. Determine i(-1).
-37
Let q(r) = -16*r - 190. Give q(-15).
50
Let p(j) = j**3 + 11*j**2 - 46*j - 49. Determine p(-14).
7
Let o(c) = -c**2 - 829*c + 4170. What is o(5)?
0
Let c(r) = 569*r - 1. Calculate c(0).
-1
Let z(n) = -5*n**2 - 11*n - 24. What is z(-5)?
-94
Let u(f) = 2*f**2 + 6*f - 158. Calculate u(-11).
18
Let b(y) = -60*y**2 - 10441*y - 166. Calculate b(-174).
8
Let b(k) = 4*k**2 + 39*k - 19. Calculate b(-10).
-9
Let d(j) = j**2 - 73*j + 1255. Calculate d(29).
-21
Let m(f) = -594*f + 28513. Calculate m(48).
1
Let s(z) = 43*z**2 - 1755*z - 303. Determine s(41).
25
Let r(q) = q**2 + 56*q + 568. Determine r(-12).
40
Let w(h) = -158*h + 2839. What is w(18)?
-5
Let q(f) = 7*f**2 - 84*f - 17. Determine q(12).
-17
Let n(u) = -u**3 - 5*u**2 - 234*u - 461. What is n(-2)?
-5
Let x(g) = -6*g**3 + 4*g**2 + 5*g + 8. What is x(4)?
-292
Let i(g) = -167*g + 1292. Determine i(8).
-44
Let d(h) = -361*h + 24501. What is d(68)?
-47
Let y(f) = 415*f + 4494. Give y(-12).
-486
Let l(i) = 3*i**2 + 152*i + 1450. Determine l(-38).
6
Let g(y) = -y**3 + 4*y**2 + 30*y - 143. What is g(4)?
-23
Let o(l) = 48*l - 5037. Calculate o(105).
3
Let a(m) = -5*m**2 - 20*m + 202. What is a(-15)?
-623
Let a(x) = 18*x**2 - 634*x + 141. What is a(35)?
1
Let s(j) = -4*j**2 - 20*j + 10. What is s(-10)?
-190
Let z(g) = g**3 - 159*g**2 - 483*g - 4. Determine z(-3).
-13
Let d(u) = 5*u**2 - 73*u + 45. What is d(12)?
-111
Let p(o) = 6*o**2 + 22*o + 2. What is p(-7)?
142
Let x(q) = -66*q**2 + 10*q - 24. Calculate x(2).
-268
Let b(z) = -16*z**2 - 178*z - 14. What is b(-11)?
8
Let y(r) = 5*r**3 + 35*r**2 - 38*r + 10. What is y(-8)?
-6
Let t(a) = a**2 - 478*a + 2824. Calculate t(6).
-8
Let q(l) = -20*l + 101. Calculate q(11).
-119
Let i(z) = -5*z**3 + 98*z**2 + 132*z - 1830. What is i(20)?
10
Let v(x) = 228*x - 477. Give v(2).
-21
Let j(f) = 4*f**3 + 3*f**2 - 5*f - 12. Calculate j(3).
108
Let l(p) = -2*p**3 + 108*p**2 + 118*p - 203. Calculate l(55).
237
Let q(v) = 54*v - 528. Give q(10).
12
Let p(j) = j**3 + 29*j**2 + 69*j + 398. What is p(-27)?
-7
Let c(u) = 4*u**2 - 11*u + 286. Calculate c(0).
286
Let d(i) = -134*i + 6. Determine d(-3).
408
Let h(l) = 7*l**3 - 14*l**2 - 18*l + 8. Give h(5).
443
Let p(z) = z**2 - 9*z - 155. Determine p(18).
7
Let k(s) = -2*s**3 - 31*s**2 - 2*s - 13. What is k(-16)?
275
Let t(m) = 2*m**2 - 59*m + 10. Calculate t(0).
10
Let k(s) = -15*s - 4. Give k(7).
-109
Let l(h) = -33*h - 4085. Give l(-123).
-26
Let o(w) = -w**3 - 31*w**2 + 751*w + 12. Calculate o(16).
-4
Let o(q) = 81*q + 4549. Give o(-56).
13
Let h(f) = -f**3 + 12*f**2 - 10*f - 25. Determine h(10).
75
Let t(h) = -4415*h + 26521. Give t(6).
31
Let o(r) = -25*r + 332. What is o(12)?
32
Let l(c) = c**2 + 88*c - 260. Give l(-89).
-171
Let i(k) = -120*k - 1457. What is i(-12)?
-17
Let d(g) = g**2 + 24*g + 25. What is d(-1)?
2
Let a(q) = -115*q - 1951. Calculate a(-17).
4
Let q(f) = -2*f**3 + 42*f**2 + 10*f - 104. Give q(21).
106
Let v(y) = -y**3 + 9*y**2 + 56*y - 64. Give v(-5).
6
Let f(h) = 10*h**2 + 4*h - 818. What is f(0)?
-818
Let q(c) = -18*c**2 - 240*c - 776. Determine q(-8).
-8
Let l(m) = -2*m**2 + 50*m - 30. Calculate l(28).
-198
Let y(i) = 2*i**2 + 26*i + 57. Calculate y(-5).
-23
Let j(c) = 2*c**3 - 2*c**2 + 3*c + 34. 